{"id":695,"date":"2025-03-19T03:31:55","date_gmt":"2025-03-19T03:31:55","guid":{"rendered":"https:\/\/nipponflexcol.com.co\/?post_type=product&#038;p=695"},"modified":"2025-07-21T10:09:07","modified_gmt":"2025-07-21T10:09:07","slug":"termo-squeeze-alcaline-ph","status":"publish","type":"product","link":"https:\/\/bienestarsaludnanotecnologia.com.co\/?product=termo-squeeze-alcaline-ph","title":{"rendered":"TERMO SQUEEZE ALCALINE PH"},"content":{"rendered":"<p>TE PRESENTAMOS EL SQUEEZE ALCALINE<\/p>\n<p>Transformaci\u00f3n Completa de la Calidad de Tu Agua en Segundos !<\/p>\n<p>Diferente de todo lo que conoces, el SQUEEZE ALCALINE, con un super bast\u00f3n que contiene 4 tecnolog\u00edas exclusivas que ha en toda la diferencia.<\/p>\n<p>\ud83d\udd2cSUPER IM\u00c1N: Que genera un campo electromagn\u00e9tico reorganizando las mol\u00e9culas de agua, haci\u00e9ndola m\u00e1s ligera.<\/p>\n<p>\ud83d\udd2cESFERAS ANTICLORO: Neutralizan el cloro en 20 segundos dejando el agua m\u00e1s pura y suave.<\/p>\n<p>\ud83d\udd2cESFERAS ALCALINE PH+: Liberan MAGNESIO, CALCIO y POTASIO, dejando su agua m\u00e1s Alcalina perfecta para equilibrar el cuerpo, adem\u00e1s de darle m\u00e1s energ\u00eda a tu d\u00eda a d\u00eda.<\/p>\n<p>\ud83d\udd2cESFERAS IONBALLS: Cargan el Agua de iones negativos, aumentando la oxigenaci\u00f3n del Agua, proporcionando una hidratacion superior.<\/p>\n<p>HIDRATACION INTELIGENTE Y SALUDABLE A SU ALCANCE<\/p>\n<p>PORQUE MERECES LO MEJOR !<\/p>\n","protected":false},"excerpt":{"rendered":"<p>TE PRESENTAMOS EL SQUEEZE ALCALINE Transformaci\u00f3n Completa de la Calidad de Tu Agua en Segundos ! Diferente de todo lo [&hellip;]<\/p>\n","protected":false},"featured_media":795,"comment_status":"open","ping_status":"closed","template":"","meta":{"site-sidebar-layout":"default","site-content-layout":"","ast-site-content-layout":"default","site-content-style":"default","site-sidebar-style":"default","ast-global-header-display":"","ast-banner-title-visibility":"","ast-main-header-display":"","ast-hfb-above-header-display":"","ast-hfb-below-header-display":"","ast-hfb-mobile-header-display":"","site-post-title":"","ast-breadcrumbs-content":"","ast-featured-img":"","footer-sml-layout":"","theme-transparent-header-meta":"default","adv-header-id-meta":"","stick-header-meta":"","header-above-stick-meta":"","header-main-stick-meta":"","header-below-stick-meta":"","astra-migrate-meta-layouts":"set","ast-page-background-enabled":"default","ast-page-background-meta":{"desktop":{"background-color":"var(--ast-global-color-5)","background-image":"","background-repeat":"repeat","background-position":"center center","background-size":"auto","background-attachment":"scroll","background-type":"","background-media":"","overlay-type":"","overlay-color":"","overlay-opacity":"","overlay-gradient":""},"tablet":{"background-color":"","background-image":"","background-repeat":"repeat","background-position":"center center","background-size":"auto","background-attachment":"scroll","background-type":"","background-media":"","overlay-type":"","overlay-color":"","overlay-opacity":"","overlay-gradient":""},"mobile":{"background-color":"","background-image":"","background-repeat":"repeat","background-position":"center center","background-size":"auto","background-attachment":"scroll","background-type":"","background-media":"","overlay-type":"","overlay-color":"","overlay-opacity":"","overlay-gradient":""}},"ast-content-background-meta":{"desktop":{"background-color":"var(--ast-global-color-4)","background-image":"","background-repeat":"repeat","background-position":"center center","background-size":"auto","background-attachment":"scroll","background-type":"","background-media":"","overlay-type":"","overlay-color":"","overlay-opacity":"","overlay-gradient":""},"tablet":{"background-color":"var(--ast-global-color-4)","background-image":"","background-repeat":"repeat","background-position":"center center","background-size":"auto","background-attachment":"scroll","background-type":"","background-media":"","overlay-type":"","overlay-color":"","overlay-opacity":"","overlay-gradient":""},"mobile":{"background-color":"var(--ast-global-color-4)","background-image":"","background-repeat":"repeat","background-position":"center center","background-size":"auto","background-attachment":"scroll","background-type":"","background-media":"","overlay-type":"","overlay-color":"","overlay-opacity":"","overlay-gradient":""}},"_joinchat":[]},"product_brand":[],"product_cat":[24],"product_tag":[],"class_list":{"0":"post-695","1":"product","2":"type-product","3":"status-publish","4":"has-post-thumbnail","6":"product_cat-sin-categorizar","7":"desktop-align-left","8":"tablet-align-left","9":"mobile-align-left","11":"first","12":"instock","13":"shipping-taxable","14":"product-type-simple"},"_links":{"self":[{"href":"https:\/\/bienestarsaludnanotecnologia.com.co\/index.php?rest_route=\/wp\/v2\/product\/695","targetHints":{"allow":["GET"]}}],"collection":[{"href":"https:\/\/bienestarsaludnanotecnologia.com.co\/index.php?rest_route=\/wp\/v2\/product"}],"about":[{"href":"https:\/\/bienestarsaludnanotecnologia.com.co\/index.php?rest_route=\/wp\/v2\/types\/product"}],"replies":[{"embeddable":true,"href":"https:\/\/bienestarsaludnanotecnologia.com.co\/index.php?rest_route=%2Fwp%2Fv2%2Fcomments&post=695"}],"wp:featuredmedia":[{"embeddable":true,"href":"https:\/\/bienestarsaludnanotecnologia.com.co\/index.php?rest_route=\/wp\/v2\/media\/795"}],"wp:attachment":[{"href":"https:\/\/bienestarsaludnanotecnologia.com.co\/index.php?rest_route=%2Fwp%2Fv2%2Fmedia&parent=695"}],"wp:term":[{"taxonomy":"product_brand","embeddable":true,"href":"https:\/\/bienestarsaludnanotecnologia.com.co\/index.php?rest_route=%2Fwp%2Fv2%2Fproduct_brand&post=695"},{"taxonomy":"product_cat","embeddable":true,"href":"https:\/\/bienestarsaludnanotecnologia.com.co\/index.php?rest_route=%2Fwp%2Fv2%2Fproduct_cat&post=695"},{"taxonomy":"product_tag","embeddable":true,"href":"https:\/\/bienestarsaludnanotecnologia.com.co\/index.php?rest_route=%2Fwp%2Fv2%2Fproduct_tag&post=695"}],"curies":[{"name":"wp","href":"https:\/\/api.w.org\/{rel}","templated":true}]}}